what is -11211110202 - -1000?
-11211102202
In base 16, what is 285 + 1d?
2a2
In base 8, what is 7301 - 402?
6677
In base 4, what is 11231333 - 0?
11231333
In base 10, what is 85530 - -4?
85534
In base 11, what is 11 + a042?
a053
In base 7, what is 1 + 433201?
433202
In base 12, what is -6 - 5b6a?
-5b74
In base 9, what is 4 - 414755?
-414751
In base 3, what is 11 + 1222211020?
1222211101
In base 3, what is 0 - -10211210202?
10211210202
In base 14, what is 39 + -4a1?
-466
In base 10, what is 112848 + -4?
112844
In base 16, what is -2 - 139c00?
-139c02
In base 14, what is 5 + 1052?
1057
In base 7, what is 15 - -164142?
164160
In base 11, what is -4a32 - -516?
-4517
In base 10, what is 144 - -924?
1068
In base 15, what is 202 - -477?
679
In base 3, what is -2010011 + 122?
-2002112
In base 7, what is -5 + -24546?
-24554
In base 6, what is 1 + 12155522?
12155523
In base 13, what is -5 - -2164a8?
2164a3
In base 10, what is -68701 - -19?
-68682
In base 6, what is -3321 + 12?
-3305
In base 12, what is 2 - 66b9?
-66b7
In base 15, what is -784ca - -2?
-784c8
In base 4, what is -31 - -11112001?
11111310
In base 13, what is -12 + -cc?
-111
In base 6, what is 21 + 34552?
35013
In base 13, what is 24027 - -1?
24028
In base 6, what is -410 + -21?
-431
In base 13, what is -18 + -10167?
-10182
In base 15, what is 69e + -48?
656
In base 8, what is 4235 - 211?
4024
In base 6, what is -54445 + 55?
-54350
In base 2, what is -1011100111101111 - -10?
-1011100111101101
In base 8, what is 3 - 214230?
-214225
In base 13, what is a - a61?
-a54
In base 2, what is -10 + 110111000101101010?
110111000101101000
In base 15, what is 4bd - 2?
4bb
In base 6, what is 14123021 + 3?
14123024
In base 13, what is -1ac952 + 6?
-1ac949
In base 9, what is -143 + -2662?
-2815
In base 8, what is 2041 - -267?
2330
In base 2, what is -110 + -10111110101001010?
-10111110101010000
In base 12, what is 134 - 3800?
-3688
In base 6, what is 5 - 50510?
-50501
In base 8, what is 1701 + -1130?
551
In base 6, what is -50120 - 2012?
-52132
In base 14, what is -477d5 + 6?
-477cd
In base 15, what is -d886 + -2?
-d888
In base 16, what is 6 + -5bb?
-5b5
In base 10, what is 16335 - 3?
16332
In base 8, what is -3060534 + 3?
-3060531
In base 3, what is 20122 + -10022?
10100
In base 13, what is -21 - -27449?
27428
In base 14, what is 5 + 37c66?
37c6b
In base 2, what is -111010000111001001 + 11?
-111010000111000110
In base 11, what is 9 + 93?
a1
In base 2, what is 1010111 - -1011000110?
1100011101
In base 2, what is -10 + 11011111111?
11011111101
In base 10, what is -29 + -2267?
-2296
In base 13, what is 2 - -185904?
185906
In base 16, what is -42 - -51?
f
In base 9, what is -35004 - -455?
-34438
In base 7, what is -34020 - 212?
-34232
In base 15, what is -5 + -2ba5d0?
-2ba5d5
In base 7, what is 11440 - -1?
11441
In base 14, what is 2043 + -5?
203c
In base 4, what is -2233023 + -10?
-2233033
In base 6, what is 2343 + 100053?
102440
In base 16, what is 1 - -1410?
1411
In base 16, what is 136 + 246?
37c
In base 10, what is 1 - 5997?
-5996
In base 5, what is 14 - -10401222?
10401241
In base 16, what is -30 + -1a0?
-1d0
In base 13, what is -1702 - 11b?
-1820
In base 15, what is -c538 - -7?
-c531
In base 12, what is 462909 - -1?
46290a
In base 15, what is -239ba + 1?
-239b9
In base 13, what is -3 + 1346?
1343
In base 12, what is -5039 + -24?
-5061
In base 3, what is 121222 + -222?
121000
In base 4, what is -13303 - -22?
-13221
In base 8, what is -43 + -22156?
-22221
In base 5, what is 11 + -330103?
-330042
In base 12, what is -1662 + -16?
-1678
In base 8, what is 417 - 172?
225
In base 16, what is -46 - 786?
-7cc
In base 6, what is -125 - 1012105?
-1012234
In base 5, what is 13 + 233412?
233430
In base 10, what is -6739 - 8?
-6747
In base 13, what is -159 - 10?
-169
In base 9, what is -377172 + -1?
-377173
In base 16, what is -4 - -3705?
3701
In base 14, what is -11c653 - -2?
-11c651
In base 14, what is 0 - -5437?
5437
In base 14, what is -66b + 37?
-634
In base 15, what is -18 - 225b?
-2274
In base 5, what is 2 - 34223?
-34221
In base 2, what is 100 - 111010000110100101?
-111010000110100001
In base 5, what is 2400 - -12331?
20231
In base 4, what is 12103300132 - 3?
12103300123
In base 14, what is 2 + 81b?
81d
In base 13, what is 3528c + 3?
35292
In base 7, what is -14 - -51365?
51351
In base 9, what is -701 - 72?
-773
In base 14, what is -3da + 551?
155
In base 8, what is -712 + -17?
-731
In base 14, what is -63 - -572?
50d
In base 11, what is 2a + -186?
-157
In base 13, what is -178c7 - -1?
-178c6
In base 9, what is 1426 + -22?
1404
In base 10, what is -4 - 10477?
-10481
In base 14, what is -da + -bc?
-1b8
In base 14, what is -46b + -d6?
-563
In base 8, what is -2 + 4074?
4072
In base 6, what is 1 + -124510?
-124505
In base 16, what is -6eaa + 3?
-6ea7
In base 9, what is -2220200 - -4?
-2220185
In base 8, what is 0 + 44016?
44016
In base 13, what is c - -ccc4?
10003
In base 2, what is -111001111111 - 11001?
-111010011000
In base 3, what is -222 + 2022222?
2022000
In base 14, what is -4 - 45734?
-45738
In base 15, what is 3 - 5c?
-59
In base 6, what is -1020 + -405?
-1425
In base 11, what is 15444 + 3?
15447
In base 7, what is 22 - -222602?
222624
In base 10, what is -4 - 264874?
-264878
In base 5, what is 1 - -144442431?
144442432
In base 10, what is -4083 - -286?
-3797
In base 15, what is 478e + -28?
4766
In base 4, what is -10320 + 231223?
220303
In base 14, what is 12 + -1901?
-18cd
In base 11, what is -150 - 96?
-236
In base 14, what is -a - -5a6?
59a
In base 2, what is -11101000000 - -10000?
-11100110000
In base 15, what is 8c7 + 4?
8cb
In base 14, what is 4d - -8c8?
937
In base 16, what is -15800 - -c?
-157f4
In base 7, what is 534 - -606?
1443
In base 3, what is -11020 + -212100?
-1000120
In base 11, what is -aa532 + -3?
-aa535
In base 15, what is 19b5 - 7?
19ad
In base 5, what is 130 - 2110?
-1430
In base 16, what is -eb9 + -c?
-ec5
In base 3, what is 2000 - 121220?
-112220
In base 12, what is 91 - -1795?
1866
In base 8, what is -14 - 1017016?
-1017032
In base 10, what is -248 - -6932?
6684
In base 7, what is -13016142 + 3?
-13016136
In base 15, what is -39 + 5e1?
5a7
In base 12, what is -6661 - 1?
-6662
In base 4, what is -123 + 31021?
30232
In base 6, what is -15 - 1534055?
-1534114
In base 9, what is -503 + 1240?
636
In base 6, what is -4202 + 10?
-4152
In base 2, what is 1011 - 1010111010100000101?
-1010111010011111010
In base 16, what is 3 - 4d55?
-4d52
In base 7, what is 112563 - 3?
112560
In base 13, what is -41b21 - -5?
-41b19
In base 15, what is 3 + b3955?
b3958
In base 14, what is -19c + -c31?
-dcd
In base 15, what is -2ac + -50?
-30c
In base 9, what is -11 + 6211?
6200
In base 6, what is -305020 + -1?
-305021
In base 7, what is -3 + -6162041?
-6162044
In base 12, what is -5 + 2b5125?
2b5120
In base 8, what is -1 - -4535?
4534
In base 10, what is -6707 + 451?
-6256
In base 6, what is 1041 + -120534?
-115453
In base 8, what is -352143 - 5?
-352150
In base 8, what is 2 + 25236?
25240
In base 10, what is -1952 + -3?
-1955
In base 3, what is 10112120200 - -10?
10112120210
In base 9, what is 1705 + 107?
1813
In base 16, what is 4 - c93?
-c8f
In base 3, what is 1210122 - -211?
1211110
In base 3, what is 220211222200 + 11?
220211222211
In base 11, what is 15753 - -3?
15756
In base 4, what is -23220302 - 13?
-23220321
In base 14, what is -8 + 2d85a?
2d852
In base 8, what is 77 + 1102?
1201
In base 15, what is 12b83 - 2?
12b81
In base 4, what is 3213011333 - 2?
3213011331
In base 15, what is -46 - 41a?
-461
In base 10, what is 41794 - -2?
41796
In base 5, what is 101304 - -3?
101312
In base 3, what is -10002111102 + 0?
-10002111102
In base 9, what is 1410 + 16?
1426
In base 15, what is -b05e - 1?
-b060
In base 10, what is 0 + 4299?
4299
In base 7, what is 6 + -145?
-136
In base 9, what is 27725 + -583?
27132
In base 4, what is -222200323 + 1?
-222200322
In base 12, what is -783 + -26?
-7a9
In base 2, what is -110101 + 1000000100001?
111111101100
In base 5, what is -1120321 - -10?
-1120311
In base 4, what is 3 - -11333012?
11333021
In base 3, what is 12202 - 1020222?
-1001020
In base 4, what is 33103022 - -21?
33103103
In base 10, what is -99 - 3138?
-3237
In base 13, what is 477958 + -5?
477953
In ba